 divisor of 750 and 97050.
150
Calculate the greatest common factor of 27303 and 25387.
479
Calculate the greatest common factor of 146 and 38763.
73
What is the highest common divisor of 576 and 414?
18
What is the highest common divisor of 846 and 2632?
94
Calculate the highest common divisor of 3349 and 15760.
197
Calculate the highest common factor of 184083 and 3.
3
Calculate the highest common factor of 1670 and 97194.
334
What is the highest common factor of 94761 and 9?
9
Calculate the highest common factor of 32 and 189136.
16
Calculate the greatest common factor of 14 and 296.
2
What is the greatest common divisor of 26507 and 208?
13
Calculate the greatest common factor of 16 and 20396.
4
Calculate the highest common factor of 1760 and 1197460.
220
What is the greatest common divisor of 752660 and 20?
20
Calculate the highest common factor of 20484 and 27.
9
Calculate the greatest common divisor of 39553 and 37.
37
Calculate the highest common divisor of 1042 and 202669.
521
What is the highest common divisor of 91740 and 539?
11
What is the highest common divisor of 28743 and 363?
33
What is the highest common divisor of 138367 and 5191?
179
What is the greatest common factor of 2822 and 1494?
166
Calculate the highest common divisor of 1731 and 357163.
577
Calculate the highest common divisor of 2464 and 1067.
11
What is the highest common factor of 190 and 1090106?
38
What is the greatest common divisor of 11421 and 123039?
81
What is the greatest common divisor of 2575 and 309?
103
Calculate the highest common factor of 273882 and 28.
14
What is the greatest common factor of 2400 and 243900?
300
What is the greatest common factor of 83796 and 12?
12
Calculate the highest common divisor of 54 and 125424.
18
What is the highest common divisor of 112 and 6524?
28
What is the greatest common factor of 360396 and 6345?
1269
Calculate the highest common factor of 572 and 58474.
26
What is the highest common factor of 184781 and 395?
79
Calculate the greatest common factor of 1092 and 2666118.
546
What is the highest common divisor of 47646 and 12?
6
What is the greatest common divisor of 21187 and 16?
1
What is the highest common factor of 219595 and 740?
185
Calculate the highest common factor of 688 and 67856.
16
Calculate the greatest common divisor of 3 and 571419.
3
Calculate the greatest common divisor of 13984 and 374624.
736
Calculate the highest common divisor of 7077000 and 210.
210
Calculate the highest common divisor of 40 and 564460.
20
What is the highest common divisor of 77694 and 46?
46
Calculate the greatest common divisor of 74 and 32819.
37
Calculate the greatest common divisor of 3616 and 113.
113
What is the greatest common factor of 2183 and 444?
37
Calculate the greatest common divisor of 60 and 93690.
30
Calculate the greatest common factor of 32832 and 44384.
608
Calculate the greatest common divisor of 2114 and 266.
14
What is the highest common divisor of 26 and 5603?
13
What is the highest common factor of 12880 and 9170?
70
Calculate the greatest common factor of 1151928 and 72.
72
Calculate the greatest common divisor of 455 and 2240.
35
What is the highest common factor of 173691 and 189?
189
What is the highest common divisor of 5 and 153185?
5
Calculate the highest common factor of 473988 and 12.
12
What is the highest common factor of 8917 and 4338?
241
Calculate the greatest common divisor of 86 and 119798.
86
Calculate the greatest common factor of 218720 and 2080.
160
Calculate the highest common divisor of 1539 and 5022.
81
Calculate the greatest common divisor of 38082 and 297.
33
What is the highest common divisor of 175504 and 112?
112
Calculate the greatest common factor of 1525 and 110625.
25
What is the highest common divisor of 714 and 3791?
17
Calculate the highest common divisor of 175 and 2296175.
175
Calculate the greatest common divisor of 559 and 13624.
13
What is the highest common factor of 53382 and 273?
21
What is the greatest common factor of 6970 and 850?
170
Calculate the greatest common factor of 153221 and 17.
17
What is the highest common factor of 1091465 and 69?
23
Calculate the highest common divisor of 4400 and 4048.
176
Calculate the highest common divisor of 22 and 1450262.
22
What is the greatest common divisor of 39 and 87126?
39
What is the greatest common divisor of 9 and 1013?
1
What is the highest common factor of 11 and 13057?
11
Calculate the greatest common factor of 128 and 1340944.
16
Calculate the highest common factor of 704 and 10714.
22
Calculate the greatest common divisor of 163280 and 48.
16
Calculate the highest common divisor of 83541 and 3.
3
Calculate the greatest common divisor of 21 and 14567.
7
Calculate the highest common divisor of 1144 and 18909.
11
Calculate the greatest common divisor of 283 and 361391.
283
What is the greatest common divisor of 1224 and 732096?
72
What is the greatest common factor of 305 and 1249280?
305
Calculate the highest common divisor of 1025941 and 7.
7
Calculate the highest common divisor of 5180 and 134828.
148
What is the highest common divisor of 35150 and 519850?
1850
Calculate the greatest common divisor of 62240 and 640.
160
What is the greatest common divisor of 8 and 55924?
4
What is the highest common divisor of 150 and 6710?
10
What is the highest common factor of 1503 and 6179?
167
What is the greatest common factor of 426120 and 201?
201
Calculate the highest common factor of 2621077 and 34.
17
What is the greatest common divisor of 895866 and 34?
34
Calculate the greatest common factor of 7711 and 250958.
701
What is the highest common factor of 4858692 and 496?
124
Calculate the highest common divisor of 41 and 91717.
41
What is the highest common factor of 90 and 166365?
45
What is the greatest common factor of 32741 and 29?
29
What is the highest common divisor of 1343 and 32113?
17
What is the highest common divisor of 4932 and 1116?
36
What is the greatest common divisor of 18832 and 1232?
176
Calculate the highest common divisor of 12410 and 8614.
146
Calculate the greatest common divisor of 70 and 53560.
10
What is the highest common factor of 1157 and 3827?
89
What is the highest common factor of 5 and 23795?
5
Calculate the greatest common factor of 445 and 122375.
445
Calculate the greatest common factor of 1012 and 1881.
11
Calculate the greatest common divisor of 12533 and 7553.
83
What is the highest common divisor of 19844 and 303974?
902
What is the highest common factor of 4290 and 18031?
13
What is the greatest common divisor of 3 and 7668?
3
What is the highest common factor of 3255 and 646660?
1085
Calculate the highest common factor of 6468 and 484.
44
Calculate the highest common factor of 527 and 178033.
31
Calculate the highest common factor of 630 and 206694.
18
Calculate the highest common factor of 1016 and 381.
127
Calculate the highest common factor of 4256 and 29890.
14
What is the greatest common factor of 2679 and 406353?
57
Calculate the highest common divisor of 23202 and 108.
18
Calculate the highest common divisor of 3401 and 1596.
19
What is the highest common divisor of 258 and 229233?
129
What is the highest common factor of 105202 and 2806?
46
What is the greatest common divisor of 64400 and 48?
16
Calculate the highest common factor of 962214 and 1830.
366
Calculate the highest common divisor of 3332 and 544.
68
Calculate the highest common factor of 264 and 1067.
11
What is the highest common factor of 15856 and 1264?
16
What is the highest common factor of 93456 and 252?
36
Calculate the greatest common divisor of 45 and 565.
5
What is the greatest common factor of 1611 and 36693?
9
Calculate the greatest common factor of 10 and 403610.
10
What is the highest common divisor of 7296 and 470136?
456
What is the highest common divisor of 1152 and 2925?
9
What is the highest common divisor of 66 and 3606?
6
What is the greatest common divisor of 1166 and 2981?
11
Calculate the highest common factor of 17596 and 56816.
212
Calculate the greatest common divisor of 16492 and 2976.
124
Calculate the highest common divisor of 307834 and 298.
298
What is the highest common factor of 7656 and 22374?
66
Calculate the highest common divisor of 77011 and 253.
11
What